{"id":38,"date":"2019-11-28T13:20:13","date_gmt":"2019-11-28T12:20:13","guid":{"rendered":"http:\/\/meulenbergh.de\/?page_id=38"},"modified":"2019-11-28T13:29:34","modified_gmt":"2019-11-28T12:29:34","slug":"leistungen","status":"publish","type":"page","link":"https:\/\/meulenbergh.de\/index.php\/leistungen\/","title":{"rendered":"Leistungen"},"content":{"rendered":"<p>Ohne Strom geht in der heutigen Zeit fast nichts mehr &#8211; und dennoch sollten Sie als Kunde so wenig wie m\u00f6glich sich selber um Ihre Hausinstallation k\u00fcmmern m\u00fcssen. Ihre Installation oder Anlage soll einfach zuverl\u00e4ssig funktionieren. Eine individuelle Beratung vor Ort und eine seri\u00f6se Planung stehen am Beginn eines jeden Auftrags.<\/p>\n<p>Eine gute Planung ist ma\u00dfgebend f\u00fcr die kosteng\u00fcnstige Ausf\u00fchrung und f\u00fcr Ihre Sicherheit. Nachtr\u00e4gliche \u00c4nderungen und W\u00fcnsche werden gerne ber\u00fccksichtigt. Aus diesem Grund ist die Planung Ihrer elektrischen Anlage f\u00fcr mich Chefsache.<\/p>\n<h3>\n<i><b>Grunds\u00e4tzlicher Leistungsumfang:<\/b><\/i><\/h3>\n<ul>\n<li>BERATUNG<\/li>\n<li>KOSTENSCH\u00c4TZUNG<\/li>\n<li>DIMENSIONIERUNG<\/li>\n<li>ABNAHME und INBETRIEBNAHME<\/li>\n<li>PROTOKOLLIERUNG\/DOKUMENTATION<\/li>\n<\/ul>\n<h3><b><i>Konkrete Leistungen:<\/i><\/b><\/h3>\n<ul>\n<li>Verlegen von elektrischen Leitungen aller Art (auf\/im\/unter Putz, in Kabelkanal)<\/li>\n<li>Lieferung, Montage, Erweiterung oder Reparatur von Verteiler-Anlagen<\/li>\n<li>\u00dcberpr\u00fcfung \/ Messung der vorhandenen elektrischen Anlage vor Ort<\/li>\n<li>Anschluss und \u00dcberpr\u00fcfung von E-Herden<\/li>\n<li>Anbringen neuer Beleuchtungsanlagen<\/li>\n<li>Neuinstallation und Reparatur von Sprechanlagen<\/li>\n<li>Neuinstallation von Telefonanlagen<\/li>\n<li>Neuinstallation von Netzwerkverkabelungen<\/li>\n<li>Pr\u00fcfung der elektrischen Anlage mit Erstellung eines Pr\u00fcfprotokolls<\/li>\n<\/ul>\n","protected":false},"excerpt":{"rendered":"<p>Ohne Strom geht in der heutigen Zeit fast nichts mehr &#8211; und dennoch sollten Sie als Kunde so wenig wie m\u00f6glich sich selber um Ihre Hausinstallation k\u00fcmmern m\u00fcssen. Ihre Installation oder Anlage soll einfach zuverl\u00e4ssig funktionieren. Eine individuelle Beratung vor Ort und eine seri\u00f6se Planung stehen am Beginn eines jeden Auftrags. Eine gute Planung ist [&hellip;]<\/p>\n","protected":false},"author":1,"featured_media":0,"parent":0,"menu_order":20,"comment_status":"closed","ping_status":"closed","template":"","meta":{"ngg_post_thumbnail":0},"_links":{"self":[{"href":"https:\/\/meulenbergh.de\/index.php\/wp-json\/wp\/v2\/pages\/38"}],"collection":[{"href":"https:\/\/meulenbergh.de\/index.php\/wp-json\/wp\/v2\/pages"}],"about":[{"href":"https:\/\/meulenbergh.de\/index.php\/wp-json\/wp\/v2\/types\/page"}],"author":[{"embeddable":true,"href":"https:\/\/meulenbergh.de\/index.php\/wp-json\/wp\/v2\/users\/1"}],"replies":[{"embeddable":true,"href":"https:\/\/meulenbergh.de\/index.php\/wp-json\/wp\/v2\/comments?post=38"}],"version-history":[{"count":4,"href":"https:\/\/meulenbergh.de\/index.php\/wp-json\/wp\/v2\/pages\/38\/revisions"}],"predecessor-version":[{"id":51,"href":"https:\/\/meulenbergh.de\/index.php\/wp-json\/wp\/v2\/pages\/38\/revisions\/51"}],"wp:attachment":[{"href":"https:\/\/meulenbergh.de\/index.php\/wp-json\/wp\/v2\/media?parent=38"}],"curies":[{"name":"wp","href":"https:\/\/api.w.org\/{rel}","templated":true}]}}